 factor of h and 96.
16
Suppose -4*x + 15 = -7*x. Let f(c) = c**2. Let h be f(x). Suppose -h = -5*g + 215. What is the greatest common factor of 72 and g?
24
Let b(g) = 13*g**3 + 4*g**2 - 10. Let o be b(2). Calculate the greatest common divisor of 44 and o.
22
Let b(x) = 4*x + 116. Let f be b(-15). What is the highest common divisor of f and 532?
28
Suppose 30 + 90 = 20*d. Let y = 1 + 5. Calculate the highest common divisor of y and d.
6
Suppose -3*h + 57 = -0*h. Let w = 1112 + -1720. Let x be ((-3)/2)/(6/w). Calculate the greatest common divisor of h and x.
19
Let b = 230 + -159. Let v = b + -47. Calculate the highest common divisor of v and 6.
6
Suppose -3*i = -4*w + i - 16, 3*i - 16 = -w. Let y be 6*(0 - (-1)/w). Suppose y*k - k - 400 = 0. Calculate the highest common divisor of k and 16.
16
Suppose 4*o - 4 = -4*s, -4*o + 8*o + 16 = 0. Suppose -10*x + 6*x = -12. Calculate the greatest common divisor of x and s.
1
Let n = -26 - -41. Let u = n + 21. Let o = 3 - -21. Calculate the greatest common divisor of u and o.
12
Suppose -25*n + 17*n + 3256 = 0. What is the highest common divisor of n and 37?
37
Suppose -33*u - 252 = -47*u. What is the highest common divisor of 27 and u?
9
Let t(v) = 5*v + 27. Let c be t(-2). What is the highest common factor of c and 17?
17
Let x(q) = -5*q + 2. Let z be x(-3). Let k be 1/(-8) - 23/((-736)/2724). What is the highest common divisor of z and k?
17
Suppose 5*i = m + 125, -7*i + 5*m = -10*i + 47. Let c(j) = -j**2 + 24*j + 22. Let r be c(i). What is the greatest common divisor of 2 and r?
2
Suppose -2*l + 2*x = -3*l + 15, -3*l + 3*x = -18. Calculate the highest common divisor of 387 and l.
9
Suppose 2039 - 15404 = -99*a. What is the highest common factor of a and 54?
27
Let a = -12 - -15. Let c be 49/(-14)*8*-5. Suppose -c = -a*d + d. What is the highest common divisor of 10 and d?
10
Let o(u) = 24*u**2 - 5*u + 104. Let c be o(8). What is the highest common factor of 64 and c?
64
Suppose 14 = -g + 2*g - 5*k, k = 5*g - 118. Let m be (g/(-20))/((-2)/(-130)). Let a be (-4)/(-4) - m - 2. What is the highest common divisor of a and 11?
11
Suppose -k + 8 - 35 = 0. Let s be k/36 - (-1623)/4. Suppose 0 = -f - r + 135, 4*f + r = f + s. What is the highest common divisor of f and 15?
15
Suppose -8*o + 275 = -3*o. Suppose 3*g - 1 = -k - 2*g, 3*g - 27 = -3*k. Calculate the highest common factor of o and k.
11
Let f be ((-1908)/(-42))/6 + (-4)/7. What is the highest common factor of f and 49?
7
Let b(y) = -y**2 - 6*y - 1. Let i(p) = 0*p + 3*p + p - 5*p - 4. Let o be i(0). Let a be b(o). What is the highest common divisor of 14 and a?
7
Let v = -902 + 298. Let x be (-4)/6 + v/(-6). Calculate the highest common factor of 40 and x.
20
Suppose 10 = m - 2. Let l be -1 + 134/(-2)*-1. Suppose -4*o + 5*h + 561 = l, -2*h = 6. Calculate the greatest common divisor of o and m.
12
Suppose 3*n + 176 = -n. Let l be n/(-36)*3 - (-1)/3. What is the greatest common factor of l and 36?
4
Suppose 2*p = -c + 3*p + 22, -3*c = 3*p - 48. Let k be 3*(-4)/(-30)*15. Let z be ((-44)/k)/((-14)/399). What is the greatest common factor of z and c?
19
Suppose 0 = 11*f + 2*f - 299. Let z be (-2 - 5/(-1)) + 89. What is the greatest common factor of z and f?
23
Let t be (1 - (-3)/(-9))*9. Suppose 5*v - 3*v - t = 0. Let b(z) = 34*z - 2. Let n be b(v). What is the greatest common divisor of 40 and n?
20
Suppose 3*t = 4*t - 15. Suppose 0 = -0*c - 5*c + t. Suppose 2*q - 5*j - 4 = 30, -4*q + 104 = -j. What is the greatest common divisor of c and q?
3
Suppose 5 = -4*v + 285. Suppose -6*m - 244 = -1420. Suppose k - m = -6*k. Calculate the greatest common factor of v and k.
14
Let j = 4 + 2. Suppose -9 = -3*b + j. Suppose -365 = -3*h - 2*h + 4*p, b*h = p + 380. Calculate the highest common factor of h and 11.
11
Suppose 10 = g - 5*k, 17*k - 15*k = -3*g + 98. What is the highest common factor of 12 and g?
6
Suppose -145*o + 146*o = 12. Suppose -2*h = -181 + 43. Let q = 39 + h. What is the highest common divisor of o and q?
12
Suppose -5*m + 214 = -86. Let l(t) = t**2 - 17*t + 96. Let s be l(9). What is the highest common divisor of s and m?
12
Suppose -4*u - u = -1075. Suppose 5*k - 212 = -3*x, 2*x = -2*k + 1 + 83. Calculate the greatest common factor of k and u.
43
Suppose 5*c + 95 - 140 = 0. Calculate the highest common divisor of c and 9.
9
Let c be ((-2)/2)/(-1)*1. Let y be 37/4 - (-1)/(-4). Let x = c + y. What is the greatest common divisor of x and 50?
10
Suppose -7*l = -526 - 20. What is the greatest common factor of l and 104?
26
Suppose 6*v - 11*v + 140 = 0. Suppose 13 = 3*c - 11. What is the greatest common divisor of v and c?
4
Suppose -6*c + 14 = -4. Calculate the greatest common factor of 1 and c.
1
Suppose 20*f - 25*f - 940 = 0. Let o be f/(-7) - (-2)/14*1. Calculate the greatest common factor of 216 and o.
27
Let v = -12 - -17. Suppose 8 = v*g + 3. Let w = 645 + -644. Calculate the greatest common factor of g and w.
1
Let g be 5 - -4 - 5/(-5). Let n be (-195)/g*(-1 - 37/3). What is the highest common factor of n and 20?
20
Suppose -3*s + 3*q = 12, -3*s + s + 1 = q. Let l be ((-4)/8)/(s/4). Suppose 4*i + 2 = k, -2 = -k - i + l*i. Calculate the greatest common divisor of k and 1.
1
Suppose 0 = 3*j + 4*t - 108, -4*t = 37*j - 41*j + 172. Calculate the highest common divisor of 100 and j.
20
Suppose 0 = t + 5*i - 75, -5*t + 3*i = 4*i - 255. Calculate the greatest common factor of 175 and t.
25
Let i(d) = -8*d**3 + d**2 - 3*d - 5. Let l be i(-2). What is the highest common factor of 115 and l?
23
Let q(c) = 3*c + 0 - 4*c + 7. Let m be q(4). Suppose 4*g - 29 - m = 0. What is the greatest common factor of 12 and g?
4
Suppose -20 = -7*o + 3*o. Suppose 11 = o*b - 29. What is the highest common divisor of 8 and b?
8
Suppose -4 = 2*m, 5*t + m - 28 = -0*m. Suppose -6*q - 4 = -8*q. Calculate the greatest common divisor of t and q.
2
Suppose 13*b + 4 = -5*b + 20*b. Suppose 4*d + 7*y - 7 = 4*y, 0 = 4*d - 4*y - 28. Calculate the highest common divisor of d and b.
2
Let b = -38 + 140. What is the highest common divisor of 153 and b?
51
Suppose 76 = 3*j - 104. Let t = j - 40. Calculate the highest common factor of 8 and t.
4
Suppose 4*a = 8, -3 + 137 = 4*t + 5*a. What is the greatest common factor of 496 and t?
31
Suppose -4*r + 134 = 2*q, 3*r - q + 101 = 6*r. What is the greatest common divisor of 51 and r?
17
Let h be 2/14 - (-828)/(-14). Let l = h + 62. What is the greatest common factor of 24 and l?
3
Let a be -74*(20/(-8) - -2). Suppose -10*q = -4*q - 2442. What is the greatest common factor of a and q?
37
Let r(n) = -25*n + 770. Let l be r(30). Suppose 5*k - 23 = -3*s, 2*k + 105 = 5*s - 3*k. Calculate the highest common divisor of l and s.
4
Suppose -1441*g - 708 = -1443*g. Calculate the greatest common factor of 18 and g.
6
Let n be (1 - 48)/((-11)/341). What is the greatest common factor of 47 and n?
47
Let l(c) = 9*c**3 + 2*c**2 - 1. Let j be l(1). Suppose 2*g - 480 = -g. Calculate the greatest common factor of g and j.
10
Let o(p) = 433*p**2 + 4*p + 3. Let j be o(-1). What is the greatest common divisor of 16 and j?
16
Suppose -1084*k + 299 = -1071*k. Let i = 55 - 32. What is the greatest common divisor of i and k?
23
Let l = -223 - -454. Let i(n) be the third derivative of -n**4/2 - 5*n**3/2 - 15*n**2. Let b be i(-3). What is the highest common factor of b and l?
21
Suppose 0 = 11*o + 68 - 354. What is the greatest common divisor of 611 and o?
13
Suppose 69 = 5*d + 2*k, 3*k - 51 = -0*d - 4*d. Let j(p) = p**3 + 6*p**2 + 5*p - 2. Let l be j(-4). Calculate the greatest common divisor of l and d.
5
Let q(d) be the third derivative of d**4/24 - d**3/6 + 17*d**2. Let a be q(3). What is the greatest common divisor of a and 8?
2
Suppose -4*b - 13 = -41. Suppose -8 - b = -3*m. Calculate the highest common divisor of 45 and m.
5
Suppose 2*x - 18 = c, -13*c - 26 = -4*x - 16*c. What is the greatest common factor of 32 and x?
8
Suppose 18*c = 23*c - 5, -5*c + 330 = 5*d. Calculate the highest common divisor of 455 and d.
65
Suppose -3*o + 1 + 2 = 0. Let r = -1 + o. Let l = r + 6. What is the highest common factor of 66 and l?
6
Suppose 0 = m + 4*m - 180. Suppose w + 2*g = -2, -w - 3*g - 7 = w. Let d = 17 + w. Calculate the greatest common factor of m and d.
9
Let u(